rime factors of 1590007?
167, 9521
What are the prime factors of 19898532?
2, 3, 53, 10429
List the prime factors of 121308.
2, 3, 11, 919
What are the prime factors of 237083?
7, 11, 3079
What are the prime factors of 224880?
2, 3, 5, 937
What are the prime factors of 232052?
2, 58013
List the prime factors of 608439.
3, 13, 15601
List the prime factors of 78401.
78401
List the prime factors of 2626318.
2, 263, 4993
List the prime factors of 258855.
3, 5, 17257
List the prime factors of 3373087.
1009, 3343
List the prime factors of 614627.
13, 47279
List the prime factors of 21206085.
3, 5, 83, 17033
What are the prime factors of 1646380?
2, 5, 263, 313
What are the prime factors of 4720167?
3, 174821
What are the prime factors of 1841775?
3, 5, 13, 1889
List the prime factors of 431165.
5, 7, 97, 127
List the prime factors of 3398116.
2, 167, 5087
List the prime factors of 575992.
2, 71999
List the prime factors of 2433696.
2, 3, 101, 251
What are the prime factors of 33922948?
2, 71, 119447
What are the prime factors of 456499?
456499
What are the prime factors of 282678?
2, 3, 11, 4283
List the prime factors of 401033.
19, 21107
What are the prime factors of 2607374?
2, 7, 11, 16931
What are the prime factors of 226297?
23, 9839
List the prime factors of 2353172.
2, 588293
What are the prime factors of 2576994?
2, 3, 7, 61357
What are the prime factors of 1347399?
3, 149711
List the prime factors of 141978.
2, 3, 23663
What are the prime factors of 119982?
2, 3, 19997
List the prime factors of 1846066.
2, 41, 47, 479
What are the prime factors of 326869?
326869
What are the prime factors of 4295159?
11, 19, 20551
List the prime factors of 1177301.
17, 23, 3011
List the prime factors of 1033741.
1033741
What are the prime factors of 17037305?
5, 449, 7589
List the prime factors of 320014.
2, 53, 3019
List the prime factors of 316490.
2, 5, 31649
List the prime factors of 32521.
17, 1913
What are the prime factors of 13346771?
31, 41, 10501
List the prime factors of 14956583.
17, 879799
List the prime factors of 5104001.
7, 729143
What are the prime factors of 3227519?
3227519
List the prime factors of 118.
2, 59
List the prime factors of 674334.
2, 3, 37463
List the prime factors of 4954460.
2, 5, 7, 43, 823
What are the prime factors of 772579?
193, 4003
What are the prime factors of 61467?
3, 7, 2927
List the prime factors of 35783.
11, 3253
What are the prime factors of 13945176?
2, 3, 7, 23, 401
List the prime factors of 4836799.
11, 439709
What are the prime factors of 31058727?
3, 7, 1478987
What are the prime factors of 1810285?
5, 79, 4583
What are the prime factors of 286296?
2, 3, 79, 151
List the prime factors of 7288874.
2, 3644437
What are the prime factors of 15394233?
3, 149, 34439
List the prime factors of 1931756.
2, 41, 11779
What are the prime factors of 371914?
2, 185957
What are the prime factors of 130142?
2, 65071
List the prime factors of 710349.
3, 236783
List the prime factors of 1315794.
2, 3, 37, 5927
What are the prime factors of 1765539?
3, 196171
What are the prime factors of 443158?
2, 43, 5153
What are the prime factors of 2978625?
3, 5, 13, 47
What are the prime factors of 4550506?
2, 29, 67, 1171
List the prime factors of 2231929.
7, 61, 5227
List the prime factors of 1706963.
61, 27983
List the prime factors of 958429.
71, 13499
List the prime factors of 307571.
11, 27961
List the prime factors of 267484.
2, 7, 41, 233
What are the prime factors of 1683014?
2, 523, 1609
What are the prime factors of 4374628?
2, 1093657
What are the prime factors of 5278861?
7, 754123
List the prime factors of 3787647.
3, 113, 11173
What are the prime factors of 386433?
3, 42937
List the prime factors of 133543.
133543
List the prime factors of 5147725.
5, 11, 18719
What are the prime factors of 53292?
2, 3, 4441
List the prime factors of 485400.
2, 3, 5, 809
What are the prime factors of 3377299?
3377299
List the prime factors of 24323820.
2, 3, 5, 53, 7649
What are the prime factors of 335644?
2, 83911
List the prime factors of 2034854.
2, 461, 2207
What are the prime factors of 969431?
969431
What are the prime factors of 431823?
3, 7, 20563
List the prime factors of 1349621.
7, 13, 14831
List the prime factors of 3666897.
3, 13, 31, 337
What are the prime factors of 359044?
2, 7, 12823
List the prime factors of 2083203.
3, 211, 1097
List the prime factors of 2925594.
2, 3, 7, 31, 107
What are the prime factors of 305085?
3, 5, 11, 43
List the prime factors of 117594.
2, 3, 47, 139
List the prime factors of 32528748.
2, 3, 7, 1129
List the prime factors of 1848326.
2, 23, 1747
List the prime factors of 35059376.
2, 11, 29, 6869
List the prime factors of 116234.
2, 89, 653
List the prime factors of 10221434.
2, 5110717
What are the prime factors of 10760163?
3, 41, 87481
What are the prime factors of 3274751?
43, 76157
What are the prime factors of 426345?
3, 5, 43, 661
What are the prime factors of 1177642?
2, 107, 5503
List the prime factors of 7452870.
2, 3, 5, 71, 3499
List the prime factors of 1126869.
3, 375623
What are the prime factors of 160360?
2, 5, 19, 211
What are the prime factors of 3487151?
3487151
What are the prime factors of 190022?
2, 7, 277
What are the prime factors of 274281?
3, 7, 37, 353
List the prime factors of 373818.
2, 3, 62303
What are the prime factors of 2766487?
2766487
What are the prime factors of 76051?
59, 1289
What are the prime factors of 6030664?
2, 43, 47, 373
List the prime factors of 5638776.
2, 3, 11, 13, 31, 53
What are the prime factors of 38813?
37, 1049
What are the prime factors of 22841?
7, 13, 251
What are the prime factors of 76126?
2, 17, 2239
What are the prime factors of 25245753?
3, 13, 647327
What are the prime factors of 1522660?
2, 5, 19, 4007
List the prime factors of 45262066.
2, 19, 1191107
List the prime factors of 14236781.
13, 31, 35327
What are the prime factors of 138343?
37, 3739
List the prime factors of 5789290.
2, 5, 13, 44533
List the prime factors of 205308.
2, 3, 1901
List the prime factors of 10576367.
1489, 7103
List the prime factors of 4911416.
2, 757, 811
List the prime factors of 213899.
7, 30557
What are the prime factors of 615420?
2, 3, 5, 13, 263
What are the prime factors of 140779?
140779
List the prime factors of 5641.
5641
List the prime factors of 437866.
2, 11, 13, 1531
What are the prime factors of 2127620?
2, 5, 11, 19, 509
List the prime factors of 55636.
2, 7, 1987
What are the prime factors of 1519679?
7, 23, 9439
List the prime factors of 363779.
13, 27983
What are the prime factors of 2304295?
5, 7, 65837
List the prime factors of 2473106.
2, 1236553
What are the prime factors of 2111232?
2, 3, 2749
What are the prime factors of 10177937?
7, 11, 23, 821
List the prime factors of 18587152.
2, 401, 2897
What are the prime factors of 574821?
3, 13, 17
What are the prime factors of 3376371?
3, 487, 2311
What are the prime factors of 54510?
2, 3, 5, 23, 79
List the prime factors of 11919135.
3, 5, 797, 997
What are the prime factors of 94076?
2, 29, 811
List the prime factors of 1183794.
2, 3, 197299
What are the prime factors of 953700?
2, 3, 5, 11, 17
List the prime factors of 3263454.
2, 3, 181303
What are the prime factors of 6213348?
2, 3, 127, 151
What are the prime factors of 24115023?
3, 893149
What are the prime factors of 9391074?
2, 3, 7, 11, 20327
What are the prime factors of 299273?
13, 23021
List the prime factors of 2518568.
2, 13, 61, 397
List the prime factors of 3620433.
3, 439, 2749
List the prime factors of 106743.
3, 7, 13, 17, 23
List the prime factors of 580338.
2, 3, 11, 977
What are the prime factors of 53672?
2, 6709
What are the prime factors of 2071295?
5, 414259
What are the prime factors of 918583?
918583
What are the prime factors of 747704?
2, 93463
What are the prime factors of 416249?
416249
What are the prime factors of 5682710?
2, 5, 11, 19, 2719
List the prime factors of 678472.
2, 84809
What are the prime factors of 20332552?
2, 23, 110503
List the prime factors of 937756.
2, 23, 10193
List the prime factors of 846645.
3, 5, 56443
What are the prime factors of 575369?
575369
List the prime factors of 404103.
3, 7, 2749
List the prime factors of 145562.
2, 73, 997
List the prime factors 